{"id":14556,"date":"2025-11-11T11:37:40","date_gmt":"2025-11-11T14:37:40","guid":{"rendered":"https:\/\/www.biolabfarma.com.br\/?page_id=14556"},"modified":"2026-03-13T11:17:27","modified_gmt":"2026-03-13T14:17:27","slug":"people-3","status":"publish","type":"page","link":"https:\/\/www.biolabeco.com.br\/en\/ser-biolab\/gente-gestao-na-biolab\/","title":{"rendered":"People &amp; Management at Biolab"},"content":{"rendered":"","protected":false},"excerpt":{"rendered":"","protected":false},"author":16,"featured_media":0,"parent":14497,"menu_order":0,"comment_status":"closed","ping_status":"closed","template":"templates\/modular.php","meta":{"_acf_changed":false,"footnotes":""},"acf":[],"yoast_head":"<!-- This site is optimized with the Yoast SEO Premium plugin v24.4 (Yoast SEO v24.4) - https:\/\/yoast.com\/wordpress\/plugins\/seo\/ -->\n<title>Gente &amp; Gest\u00e3o na Biolab - Biolab &amp; Co<\/title>\n<meta name=\"description\" content=\"A \u00e1rea de Gente &amp; Gest\u00e3o na Biolab atua com foco em uma abordagem humanizada, guiada por tr\u00eas princ\u00edpios essenciais.\" \/>\n<meta name=\"robots\" content=\"index, follow, max-snippet:-1, max-image-preview:large, max-video-preview:-1\" \/>\n<link rel=\"canonical\" href=\"https:\/\/www.biolabeco.com.br\/en\/people-2\/people-3\/\" \/>\n<meta property=\"og:locale\" content=\"en_US\" \/>\n<meta property=\"og:type\" content=\"article\" \/>\n<meta property=\"og:title\" content=\"Gente &amp; Gest\u00e3o na Biolab\" \/>\n<meta property=\"og:description\" content=\"A \u00e1rea de Gente &amp; Gest\u00e3o na Biolab atua com foco em uma abordagem humanizada, guiada por tr\u00eas princ\u00edpios essenciais.\" \/>\n<meta property=\"og:url\" content=\"https:\/\/www.biolabeco.com.br\/en\/people-2\/people-3\/\" \/>\n<meta property=\"og:site_name\" content=\"Biolab &amp; Co\" \/>\n<meta property=\"article:modified_time\" content=\"2026-03-13T14:17:27+00:00\" \/>\n<meta name=\"twitter:card\" content=\"summary_large_image\" \/>\n<script type=\"application\/ld+json\" class=\"yoast-schema-graph\">{\"@context\":\"https:\/\/schema.org\",\"@graph\":[{\"@type\":\"WebPage\",\"@id\":\"https:\/\/www.biolabeco.com.br\/ser-biolab\/gente-gestao-na-biolab\/\",\"url\":\"https:\/\/www.biolabeco.com.br\/ser-biolab\/gente-gestao-na-biolab\/\",\"name\":\"Gente &amp; Gest\u00e3o na Biolab - Biolab &amp; Co\",\"isPartOf\":{\"@id\":\"https:\/\/www.biolabeco.com.br\/#website\"},\"datePublished\":\"2025-11-11T14:37:40+00:00\",\"dateModified\":\"2026-03-13T14:17:27+00:00\",\"description\":\"A \u00e1rea de Gente & Gest\u00e3o na Biolab atua com foco em uma abordagem humanizada, guiada por tr\u00eas princ\u00edpios essenciais.\",\"breadcrumb\":{\"@id\":\"https:\/\/www.biolabeco.com.br\/ser-biolab\/gente-gestao-na-biolab\/#breadcrumb\"},\"inLanguage\":\"en-US\",\"potentialAction\":[{\"@type\":\"ReadAction\",\"target\":[\"https:\/\/www.biolabeco.com.br\/ser-biolab\/gente-gestao-na-biolab\/\"]}]},{\"@type\":\"BreadcrumbList\",\"@id\":\"https:\/\/www.biolabeco.com.br\/ser-biolab\/gente-gestao-na-biolab\/#breadcrumb\",\"itemListElement\":[{\"@type\":\"ListItem\",\"position\":1,\"name\":\"Home\",\"item\":\"https:\/\/www.biolabeco.com.br\/\"},{\"@type\":\"ListItem\",\"position\":2,\"name\":\"Ser Biolab\",\"item\":\"https:\/\/www.biolabeco.com.br\/ser-biolab\/\"},{\"@type\":\"ListItem\",\"position\":3,\"name\":\"Gente &amp; Gest\u00e3o na Biolab\"}]},{\"@type\":\"WebSite\",\"@id\":\"https:\/\/www.biolabeco.com.br\/#website\",\"url\":\"https:\/\/www.biolabeco.com.br\/\",\"name\":\"Biolab\",\"description\":\"Na Biolab &amp; Co, ci\u00eancia e cuidado caminham juntos. Saiba como promovemos sa\u00fade com responsabilidade socioambiental e tecnologia.\",\"potentialAction\":[{\"@type\":\"SearchAction\",\"target\":{\"@type\":\"EntryPoint\",\"urlTemplate\":\"https:\/\/www.biolabeco.com.br\/?s={search_term_string}\"},\"query-input\":{\"@type\":\"PropertyValueSpecification\",\"valueRequired\":true,\"valueName\":\"search_term_string\"}}],\"inLanguage\":\"en-US\"}]}<\/script>\n<!-- \/ Yoast SEO Premium plugin. -->","yoast_head_json":{"title":"People &amp; Management at Biolab - Biolab &amp; Co","description":"The People &amp; Management area at Biolab focuses on a humanized approach, guided by three essential principles.","robots":{"index":"index","follow":"follow","max-snippet":"max-snippet:-1","max-image-preview":"max-image-preview:large","max-video-preview":"max-video-preview:-1"},"canonical":"https:\/\/www.biolabeco.com.br\/en\/people-2\/people-3\/","og_locale":"en_US","og_type":"article","og_title":"Gente &amp; Gest\u00e3o na Biolab","og_description":"A \u00e1rea de Gente & Gest\u00e3o na Biolab atua com foco em uma abordagem humanizada, guiada por tr\u00eas princ\u00edpios essenciais.","og_url":"https:\/\/www.biolabeco.com.br\/en\/people-2\/people-3\/","og_site_name":"Biolab &amp; Co","article_modified_time":"2026-03-13T14:17:27+00:00","twitter_card":"summary_large_image","schema":{"@context":"https:\/\/schema.org","@graph":[{"@type":"WebPage","@id":"https:\/\/www.biolabeco.com.br\/ser-biolab\/gente-gestao-na-biolab\/","url":"https:\/\/www.biolabeco.com.br\/ser-biolab\/gente-gestao-na-biolab\/","name":"People &amp; Management at Biolab - Biolab &amp; Co","isPartOf":{"@id":"https:\/\/www.biolabeco.com.br\/#website"},"datePublished":"2025-11-11T14:37:40+00:00","dateModified":"2026-03-13T14:17:27+00:00","description":"The People &amp; Management area at Biolab focuses on a humanized approach, guided by three essential principles.","breadcrumb":{"@id":"https:\/\/www.biolabeco.com.br\/ser-biolab\/gente-gestao-na-biolab\/#breadcrumb"},"inLanguage":"en-US","potentialAction":[{"@type":"ReadAction","target":["https:\/\/www.biolabeco.com.br\/ser-biolab\/gente-gestao-na-biolab\/"]}]},{"@type":"BreadcrumbList","@id":"https:\/\/www.biolabeco.com.br\/ser-biolab\/gente-gestao-na-biolab\/#breadcrumb","itemListElement":[{"@type":"ListItem","position":1,"name":"Home","item":"https:\/\/www.biolabeco.com.br\/"},{"@type":"ListItem","position":2,"name":"Ser Biolab","item":"https:\/\/www.biolabeco.com.br\/ser-biolab\/"},{"@type":"ListItem","position":3,"name":"Gente &amp; Gest\u00e3o na Biolab"}]},{"@type":"WebSite","@id":"https:\/\/www.biolabeco.com.br\/#website","url":"https:\/\/www.biolabeco.com.br\/","name":"Biolab","description":"At Biolab &amp; Co, science and care go hand in hand. Find out how we promote health with social and environmental responsibility and technology.","potentialAction":[{"@type":"SearchAction","target":{"@type":"EntryPoint","urlTemplate":"https:\/\/www.biolabeco.com.br\/?s={search_term_string}"},"query-input":{"@type":"PropertyValueSpecification","valueRequired":true,"valueName":"search_term_string"}}],"inLanguage":"en-US"}]}},"_links":{"self":[{"href":"https:\/\/www.biolabeco.com.br\/en\/wp-json\/wp\/v2\/pages\/14556"}],"collection":[{"href":"https:\/\/www.biolabeco.com.br\/en\/wp-json\/wp\/v2\/pages"}],"about":[{"href":"https:\/\/www.biolabeco.com.br\/en\/wp-json\/wp\/v2\/types\/page"}],"author":[{"embeddable":true,"href":"https:\/\/www.biolabeco.com.br\/en\/wp-json\/wp\/v2\/users\/16"}],"replies":[{"embeddable":true,"href":"https:\/\/www.biolabeco.com.br\/en\/wp-json\/wp\/v2\/comments?post=14556"}],"version-history":[{"count":5,"href":"https:\/\/www.biolabeco.com.br\/en\/wp-json\/wp\/v2\/pages\/14556\/revisions"}],"predecessor-version":[{"id":16419,"href":"https:\/\/www.biolabeco.com.br\/en\/wp-json\/wp\/v2\/pages\/14556\/revisions\/16419"}],"up":[{"embeddable":true,"href":"https:\/\/www.biolabeco.com.br\/en\/wp-json\/wp\/v2\/pages\/14497"}],"wp:attachment":[{"href":"https:\/\/www.biolabeco.com.br\/en\/wp-json\/wp\/v2\/media?parent=14556"}],"curies":[{"name":"wp","href":"https:\/\/api.w.org\/{rel}","templated":true}]}}

<!-- This site is optimized with the Yoast SEO Premium plugin v24.4 (Yoast SEO v24.4) - https://yoast.com/wordpress/plugins/seo/ -->
<title>Gente &amp; Gestão na Biolab - Biolab &amp; Co</title>
<meta name="description" content="A área de Gente &amp; Gestão na Biolab atua com foco em uma abordagem humanizada, guiada por três princípios essenciais." />
<meta name="robots" content="index, follow, max-snippet:-1, max-image-preview:large, max-video-preview:-1" />
<link rel="canonical" href="https://www.biolabeco.com.br/en/people-2/people-3/" />
<meta property="og:locale" content="en_US" />
<meta property="og:type" content="article" />
<meta property="og:title" content="Gente &amp; Gestão na Biolab" />
<meta property="og:description" content="A área de Gente &amp; Gestão na Biolab atua com foco em uma abordagem humanizada, guiada por três princípios essenciais." />
<meta property="og:url" content="https://www.biolabeco.com.br/en/people-2/people-3/" />
<meta property="og:site_name" content="Biolab &amp; Co" />
<meta property="article:modified_time" content="2026-03-13T14:17:27+00:00" />
<meta name="twitter:card" content="summary_large_image" />
<script type="application/ld+json" class="yoast-schema-graph">{"@context":"https://schema.org","@graph":[{"@type":"WebPage","@id":"https://www.biolabeco.com.br/ser-biolab/gente-gestao-na-biolab/","url":"https://www.biolabeco.com.br/ser-biolab/gente-gestao-na-biolab/","name":"Gente &amp; Gestão na Biolab - Biolab &amp; Co","isPartOf":{"@id":"https://www.biolabeco.com.br/#website"},"datePublished":"2025-11-11T14:37:40+00:00","dateModified":"2026-03-13T14:17:27+00:00","description":"A área de Gente & Gestão na Biolab atua com foco em uma abordagem humanizada, guiada por três princípios essenciais.","breadcrumb":{"@id":"https://www.biolabeco.com.br/ser-biolab/gente-gestao-na-biolab/#breadcrumb"},"inLanguage":"en-US","potentialAction":[{"@type":"ReadAction","target":["https://www.biolabeco.com.br/ser-biolab/gente-gestao-na-biolab/"]}]},{"@type":"BreadcrumbList","@id":"https://www.biolabeco.com.br/ser-biolab/gente-gestao-na-biolab/#breadcrumb","itemListElement":[{"@type":"ListItem","position":1,"name":"Home","item":"https://www.biolabeco.com.br/"},{"@type":"ListItem","position":2,"name":"Ser Biolab","item":"https://www.biolabeco.com.br/ser-biolab/"},{"@type":"ListItem","position":3,"name":"Gente &amp; Gestão na Biolab"}]},{"@type":"WebSite","@id":"https://www.biolabeco.com.br/#website","url":"https://www.biolabeco.com.br/","name":"Biolab","description":"Na Biolab &amp; Co, ciência e cuidado caminham juntos. Saiba como promovemos saúde com responsabilidade socioambiental e tecnologia.","potentialAction":[{"@type":"SearchAction","target":{"@type":"EntryPoint","urlTemplate":"https://www.biolabeco.com.br/?s={search_term_string}"},"query-input":{"@type":"PropertyValueSpecification","valueRequired":true,"valueName":"search_term_string"}}],"inLanguage":"en-US"}]}</script>
<!-- / Yoast SEO Premium plugin. -->

Gente &amp; Gestão na Biolab

A área de Gente & Gestão na Biolab atua com foco em uma abordagem humanizada, guiada por três princípios essenciais.
